{"id":6284,"date":"2021-06-08T20:42:44","date_gmt":"2021-06-08T18:42:44","guid":{"rendered":"https:\/\/terral.fr\/gdpr\/"},"modified":"2023-01-17T11:42:25","modified_gmt":"2023-01-17T10:42:25","slug":"gdpr","status":"publish","type":"page","link":"https:\/\/www.terral.fr\/es\/gdpr\/","title":{"rendered":"GDPR"},"content":{"rendered":"\t\t<div data-elementor-type=\"wp-page\" data-elementor-id=\"6284\" class=\"elementor elementor-6284 elementor-2784\" data-elementor-post-type=\"page\">\n\t\t\t\t\t\t<section class=\"elementor-section elementor-top-section elementor-element elementor-element-2b3e28a7 elementor-section-full_width elementor-section-height-default elementor-section-height-default\" data-id=\"2b3e28a7\" data-element_type=\"section\" data-e-type=\"section\" data-settings=\"{&quot;background_background&quot;:&quot;classic&quot;}\">\n\t\t\t\t\t\t<div class=\"elementor-container elementor-column-gap-no\">\n\t\t\t\t\t<div class=\"elementor-column elementor-col-100 elementor-top-column elementor-element elementor-element-eecbb33\" data-id=\"eecbb33\" data-element_type=\"column\" data-e-type=\"column\">\n\t\t\t<div class=\"elementor-widget-wrap elementor-element-populated\">\n\t\t\t\t\t\t<div class=\"elementor-element elementor-element-616da870 elementor-widget elementor-widget-heading\" data-id=\"616da870\" data-element_type=\"widget\" data-e-type=\"widget\" data-widget_type=\"heading.default\">\n\t\t\t\t<div class=\"elementor-widget-container\">\n\t\t\t\t\t<h1 class=\"elementor-heading-title elementor-size-default\">GDPR<\/h1>\t\t\t\t<\/div>\n\t\t\t\t<\/div>\n\t\t\t\t\t<\/div>\n\t\t<\/div>\n\t\t\t\t\t<\/div>\n\t\t<\/section>\n\t\t\t\t<section class=\"elementor-section elementor-top-section elementor-element elementor-element-7cf20f7c elementor-section-full_width elementor-section-content-middle elementor-section-height-default elementor-section-height-default\" data-id=\"7cf20f7c\" data-element_type=\"section\" data-e-type=\"section\">\n\t\t\t\t\t\t<div class=\"elementor-container elementor-column-gap-default\">\n\t\t\t\t\t<div class=\"elementor-column elementor-col-100 elementor-top-column elementor-element elementor-element-3357b346\" data-id=\"3357b346\" data-element_type=\"column\" data-e-type=\"column\">\n\t\t\t<div class=\"elementor-widget-wrap elementor-element-populated\">\n\t\t\t\t\t\t<section class=\"elementor-section elementor-inner-section elementor-element elementor-element-93fd9cc elementor-section-full_width elementor-section-height-default elementor-section-height-default\" data-id=\"93fd9cc\" data-element_type=\"section\" data-e-type=\"section\">\n\t\t\t\t\t\t<div class=\"elementor-container elementor-column-gap-no\">\n\t\t\t\t\t<div class=\"elementor-column elementor-col-100 elementor-inner-column elementor-element elementor-element-f3eb3c9\" data-id=\"f3eb3c9\" data-element_type=\"column\" data-e-type=\"column\">\n\t\t\t<div class=\"elementor-widget-wrap elementor-element-populated\">\n\t\t\t\t\t\t<div class=\"elementor-element elementor-element-53cdd1f6 elementor-widget elementor-widget-heading\" data-id=\"53cdd1f6\" data-element_type=\"widget\" data-e-type=\"widget\" data-widget_type=\"heading.default\">\n\t\t\t\t<div class=\"elementor-widget-container\">\n\t\t\t\t\t<h2 class=\"elementor-heading-title elementor-size-default\">POL\u00cdTICA DE PRIVACIDAD DE LOS DATOS<\/h2>\t\t\t\t<\/div>\n\t\t\t\t<\/div>\n\t\t\t\t<div class=\"elementor-element elementor-element-54cbf80c elementor-widget elementor-widget-text-editor\" data-id=\"54cbf80c\" data-element_type=\"widget\" data-e-type=\"widget\" data-widget_type=\"text-editor.default\">\n\t\t\t\t<div class=\"elementor-widget-container\">\n\t\t\t\t\t\t\t\t\t<p class=\"section-heading-title\"><span style=\"font-size: 16px;\">La empresa TERRAL concede una gran importancia a la protecci\u00f3n y al respeto de la vida privada de sus clientes. Esta pol\u00edtica de privacidad describe c\u00f3mo TERRAL, como parte de sus relaciones comerciales, recopila, utiliza y comparte la informaci\u00f3n recopilada sobre usted (\u00abdatos personales\u00bb) cuando utiliza el sitio web de TERRAL.<\/span><\/p>\n<div class=\"section-heading-content text-large wysiwyg\">\n<p>Estos datos personales son: cualquier informaci\u00f3n que nos permita identificarlo como individuo.<\/p>\n<p>Le invitamos a leer este documento para conocer y comprender nuestras pr\u00e1cticas con respecto al tratamiento de sus datos personales.<\/p>\n<p><strong><u>Responsable del tratamiento:<\/u><\/strong><\/p>\n<p>Sus datos son recogidos por: TERRAL SA<\/p>\n<p>6 PAE DES 3 FONTAINES<\/p>\n<p>34230 LE POUGET &#8211; FRANCE<\/p>\n<p>Tlf : 33 (0)4 67 96 70 11<\/p>\n<p>Fax : 33 (0)4 67 88 75 34<\/p>\n<p>Correo electr\u00f3nico: accueil@terral.fr<\/p>\n<p>Capital social: 60 000\u20ac<\/p>\n<p>RCS: 399 979 806 000 29<\/p>\n<p>N.\u00b0 IVA intracomunitario\/ CIF: FR57 399 979 806 <\/p>\n<p>Hosting:<\/p>\n<p>OVH \u2013 2 rue Kellermann \u2013 59100 Roubaix \u2013 France<\/p>\n<p>http:\/\/www.ovh.com<\/p>\n<p>Tlf 33 (0) 9 72 10 10 07<\/p>\n<\/p>\n<p><strong><u>\u00bfCu\u00e1les son estos datos personales?<\/u><\/strong><\/p>\n<p>Recopilamos los siguientes datos cuando se registra o se pone en contacto con nosotros:<\/p>\n<p>Nombre, apellidos y tratamiento<\/p>\n<p>Nombre empresa<\/p>\n<p>Fecha y lugar de nacimiento<\/p>\n<p>C\u00f3digo IVA intracomunitario\/ CIF<\/p>\n<p>Direcci\u00f3n postal personal y profesional<\/p>\n<p>Direcci\u00f3n de correo electr\u00f3nico<\/p>\n<p>N\u00famero de tel\u00e9fono<\/p>\n<p>Profesi\u00f3n<\/p>\n<p>Recopilamos los siguientes datos cuando utiliza nuestra web:<\/p>\n<p>Informaci\u00f3n relativa a los dispositivos utilizados (direcci\u00f3n IP, registros, identificadores, etc.)<\/p>\n<p>Cookies e informaci\u00f3n relativa a su conducta de navegaci\u00f3n en l\u00ednea (cookies, datos de navegaci\u00f3n, medici\u00f3n de la audiencia, ubicaci\u00f3n geogr\u00e1fica, intereses, preferencias, zona horaria, etc.).<\/p>\n<p><strong><u>\u00bfPor qu\u00e9 recopilamos estos datos personales?<\/u><\/strong><\/p>\n<p>En general, puede visitar este sitio sin proporcionar ninguna informaci\u00f3n personal sobre usted. Sin embargo, en caso de no aceptar, es posible que no pueda beneficiarse de cierta informaci\u00f3n o servicios que haya solicitado.<\/p>\n<p>Diferentes bases legales nos permiten utilizar sus datos, y los recopilaremos y utilizaremos en las siguientes situaciones:<\/p>\n<p>Cuando el uso de sus datos personales sea necesario para la ejecuci\u00f3n de un contrato o de un conjunto contractual del que usted sea parte o en el caso de tr\u00e1mites previos a un contrato.<\/p>\n<p>Cuando el uso de sus datos personales sea de nuestro inter\u00e9s leg\u00edtimo.<\/p>\n<p>Para comprender y mejorar nuestros productos.<\/p>\n<p>Gestionar y mejorar nuestras relaciones con usted.<\/p>\n<p>Asegurar que nuestros productos se utilizan de acuerdo con la ley.<\/p>\n<p>Para proteger o defender nuestros derechos y propiedades, o los de un tercero.<\/p>\n<p>Para detectar y prevenir la delincuencia y el fraude.<\/p>\n<p>Cuando tengamos que cumplir con una obligaci\u00f3n legal o reglamentaria que nos concierna.<\/p>\n<p>Cuando tengamos su consentimiento.<\/p>\n<p><strong><u>\u00bfA qui\u00e9n podemos transferir estos datos personales?<\/u><\/strong><\/p>\n<p>Podemos compartir sus datos personales con nuestras filiales, distribuidores y socios de red.<\/p>\n<p>En general, almacenamos sus datos personales dentro de la Uni\u00f3n Europea. Sin embargo, algunos de nuestros proveedores de servicios est\u00e1n ubicados en pa\u00edses fuera de la UE, por lo que sus datos pueden transferirse a terceros pa\u00edses. TERRAL SA se ha asegurado previamente del cumplimiento de estrictas condiciones en materia de confidencialidad, uso y protecci\u00f3n de datos hacia un tercer pa\u00eds.<\/p>\n<p><strong><u>\u00bfCu\u00e1nto tiempo conservamos sus datos personales?<\/u><\/strong><\/p>\n<p>Los datos se conservan y utilizan durante un periodo de tiempo conforme a la legislaci\u00f3n.<\/p>\n<p><strong><u>\u00bfCu\u00e1les son sus derechos sobre estos datos personales?<\/u><\/strong><\/p>\n<p>Tiene los siguientes derechos:<\/p>\n<p>Acceder a los datos personales que tenemos.<\/p>\n<p>Corregir cualquier dato personal err\u00f3neo.<\/p>\n<p>Borrar sus datos personales.<\/p>\n<p>Limitar el tratamiento de sus datos.<\/p>\n<p>Portabilidad de los datos personales.<\/p>\n<p>Nuestros procedimientos de seguridad implican que podemos solicitar una prueba de su identidad antes de responder a sus derechos.<\/p>\n<p>Para hacer valer sus derechos, puede escribir al delegado de protecci\u00f3n de datos a la siguiente direcci\u00f3n: TERRAL SA 6 Pae Domaine des 3 Fontaines 34230 Le Pouget o por correo electr\u00f3nico: accueil@terral.fr.<\/p>\n<p>TERRAL SA se compromete a responder a su solicitud de acceso, correcci\u00f3n, supresi\u00f3n, limitaci\u00f3n o cualquier otra solicitud complementaria de informaci\u00f3n en un plazo razonable que no podr\u00e1 exceder de 1 mes a partir de la recepci\u00f3n de su solicitud.<\/p>\n<p>Si considera que TERRAL SA no cumple con sus obligaciones con respecto a sus datos personales, puede enviar una solicitud a la autoridad competente. En Francia, la autoridad competente es la CNIL, puede enviarle una solicitud por v\u00eda electr\u00f3nica en el siguiente enlace: <a title=\"Abrir en una ventana nueva\" href=\"https:\/\/www.cnil.fr\/fr\/plaintes\/internet\" target=\"_blank\" rel=\"noopener nofollow\">https:\/\/www.cnil.fr\/fr\/plaintes\/internet<\/a>.<\/p>\n<p><strong><u>Actualizaci\u00f3n de esta Pol\u00edtica de Privacidad<\/u><\/strong><\/p>\n<p>Nos reservamos el derecho de actualizar esta pol\u00edtica de privacidad peri\u00f3dicamente. La fecha de la \u00faltima versi\u00f3n se muestra en la parte superior de esta pol\u00edtica. Estas modificaciones le comprometen desde el momento de su puesta en l\u00ednea. Por lo tanto, se recomienda que el Usuario consulte regularmente la presente pol\u00edtica de confidencialidad y el uso de cookies con el objetivo de conocer las posibles modificaciones.<\/p>\n<\/div>\n\t\t\t\t\t\t\t\t<\/div>\n\t\t\t\t<\/div>\n\t\t\t\t\t<\/div>\n\t\t<\/div>\n\t\t\t\t\t<\/div>\n\t\t<\/section>\n\t\t\t\t<section class=\"elementor-section elementor-inner-section elementor-element elementor-element-57afa1c elementor-section-full_width elementor-section-height-default elementor-section-height-default\" data-id=\"57afa1c\" data-element_type=\"section\" data-e-type=\"section\">\n\t\t\t\t\t\t<div class=\"elementor-container elementor-column-gap-no\">\n\t\t\t\t\t<div class=\"elementor-column elementor-col-100 elementor-inner-column elementor-element elementor-element-71312fe\" data-id=\"71312fe\" data-element_type=\"column\" data-e-type=\"column\">\n\t\t\t<div class=\"elementor-widget-wrap elementor-element-populated\">\n\t\t\t\t\t\t\t<\/div>\n\t\t<\/div>\n\t\t\t\t\t<\/div>\n\t\t<\/section>\n\t\t\t\t<section class=\"elementor-section elementor-inner-section elementor-element elementor-element-c22c0c8 elementor-section-full_width elementor-section-height-default elementor-section-height-default\" data-id=\"c22c0c8\" data-element_type=\"section\" data-e-type=\"section\">\n\t\t\t\t\t\t<div class=\"elementor-container elementor-column-gap-no\">\n\t\t\t\t\t<div class=\"elementor-column elementor-col-100 elementor-inner-column elementor-element elementor-element-cd57374\" data-id=\"cd57374\" data-element_type=\"column\" data-e-type=\"column\">\n\t\t\t<div class=\"elementor-widget-wrap elementor-element-populated\">\n\t\t\t\t\t\t\t<\/div>\n\t\t<\/div>\n\t\t\t\t\t<\/div>\n\t\t<\/section>\n\t\t\t\t<section class=\"elementor-section elementor-inner-section elementor-element elementor-element-b334f0b elementor-section-full_width elementor-section-height-default elementor-section-height-default\" data-id=\"b334f0b\" data-element_type=\"section\" data-e-type=\"section\">\n\t\t\t\t\t\t<div class=\"elementor-container elementor-column-gap-no\">\n\t\t\t\t\t<div class=\"elementor-column elementor-col-100 elementor-inner-column elementor-element elementor-element-3eed8fe\" data-id=\"3eed8fe\" data-element_type=\"column\" data-e-type=\"column\">\n\t\t\t<div class=\"elementor-widget-wrap elementor-element-populated\">\n\t\t\t\t\t\t\t<\/div>\n\t\t<\/div>\n\t\t\t\t\t<\/div>\n\t\t<\/section>\n\t\t\t\t<section class=\"elementor-section elementor-inner-section elementor-element elementor-element-874e3dc elementor-section-full_width elementor-section-height-default elementor-section-height-default\" data-id=\"874e3dc\" data-element_type=\"section\" data-e-type=\"section\">\n\t\t\t\t\t\t<div class=\"elementor-container elementor-column-gap-no\">\n\t\t\t\t\t<div class=\"elementor-column elementor-col-100 elementor-inner-column elementor-element elementor-element-9ec985b\" data-id=\"9ec985b\" data-element_type=\"column\" data-e-type=\"column\">\n\t\t\t<div class=\"elementor-widget-wrap elementor-element-populated\">\n\t\t\t\t\t\t\t<\/div>\n\t\t<\/div>\n\t\t\t\t\t<\/div>\n\t\t<\/section>\n\t\t\t\t\t<\/div>\n\t\t<\/div>\n\t\t\t\t\t<\/div>\n\t\t<\/section>\n\t\t\t\t<\/div>\n\t\t","protected":false},"excerpt":{"rendered":"<p>GDPR POL\u00cdTICA DE PRIVACIDAD DE LOS DATOS La empresa TERRAL concede una gran importancia a la protecci\u00f3n y al respeto de la vida privada de sus clientes. Esta pol\u00edtica de privacidad describe c\u00f3mo TERRAL, como parte de sus relaciones comerciales, recopila, utiliza y comparte la informaci\u00f3n recopilada sobre usted (\u00abdatos personales\u00bb) cuando utiliza el sitio [&hellip;]<\/p>\n","protected":false},"author":1,"featured_media":0,"parent":0,"menu_order":0,"comment_status":"closed","ping_status":"closed","template":"","meta":{"footnotes":""},"class_list":["post-6284","page","type-page","status-publish","hentry"],"_links":{"self":[{"href":"https:\/\/www.terral.fr\/es\/wp-json\/wp\/v2\/pages\/6284","targetHints":{"allow":["GET"]}}],"collection":[{"href":"https:\/\/www.terral.fr\/es\/wp-json\/wp\/v2\/pages"}],"about":[{"href":"https:\/\/www.terral.fr\/es\/wp-json\/wp\/v2\/types\/page"}],"author":[{"embeddable":true,"href":"https:\/\/www.terral.fr\/es\/wp-json\/wp\/v2\/users\/1"}],"replies":[{"embeddable":true,"href":"https:\/\/www.terral.fr\/es\/wp-json\/wp\/v2\/comments?post=6284"}],"version-history":[{"count":0,"href":"https:\/\/www.terral.fr\/es\/wp-json\/wp\/v2\/pages\/6284\/revisions"}],"wp:attachment":[{"href":"https:\/\/www.terral.fr\/es\/wp-json\/wp\/v2\/media?parent=6284"}],"curies":[{"name":"wp","href":"https:\/\/api.w.org\/{rel}","templated":true}]}}

<div data-elementor-type="wp-page" data-elementor-id="6284" class="elementor elementor-6284 elementor-2784" data-elementor-post-type="page">
						<section class="elementor-section elementor-top-section elementor-element elementor-element-2b3e28a7 elementor-section-full_width elementor-section-height-default elementor-section-height-default" data-id="2b3e28a7" data-element_type="section" data-e-type="section" data-settings="{&quot;background_background&quot;:&quot;classic&quot;}">
						<div class="elementor-container elementor-column-gap-no">
					<div class="elementor-column elementor-col-100 elementor-top-column elementor-element elementor-element-eecbb33" data-id="eecbb33" data-element_type="column" data-e-type="column">
			<div class="elementor-widget-wrap elementor-element-populated">
						<div class="elementor-element elementor-element-616da870 elementor-widget elementor-widget-heading" data-id="616da870" data-element_type="widget" data-e-type="widget" data-widget_type="heading.default">
				<div class="elementor-widget-container">
					<h1 class="elementor-heading-title elementor-size-default">GDPR</h1>				</div>
				</div>
					</div>
		</div>
					</div>
		</section>
				<section class="elementor-section elementor-top-section elementor-element elementor-element-7cf20f7c elementor-section-full_width elementor-section-content-middle elementor-section-height-default elementor-section-height-default" data-id="7cf20f7c" data-element_type="section" data-e-type="section">
						<div class="elementor-container elementor-column-gap-default">
					<div class="elementor-column elementor-col-100 elementor-top-column elementor-element elementor-element-3357b346" data-id="3357b346" data-element_type="column" data-e-type="column">
			<div class="elementor-widget-wrap elementor-element-populated">
						<section class="elementor-section elementor-inner-section elementor-element elementor-element-93fd9cc elementor-section-full_width elementor-section-height-default elementor-section-height-default" data-id="93fd9cc" data-element_type="section" data-e-type="section">
						<div class="elementor-container elementor-column-gap-no">
					<div class="elementor-column elementor-col-100 elementor-inner-column elementor-element elementor-element-f3eb3c9" data-id="f3eb3c9" data-element_type="column" data-e-type="column">
			<div class="elementor-widget-wrap elementor-element-populated">
						<div class="elementor-element elementor-element-53cdd1f6 elementor-widget elementor-widget-heading" data-id="53cdd1f6" data-element_type="widget" data-e-type="widget" data-widget_type="heading.default">
				<div class="elementor-widget-container">
					<h2 class="elementor-heading-title elementor-size-default">POLÍTICA DE PRIVACIDAD DE LOS DATOS</h2>				</div>
				</div>
				<div class="elementor-element elementor-element-54cbf80c elementor-widget elementor-widget-text-editor" data-id="54cbf80c" data-element_type="widget" data-e-type="widget" data-widget_type="text-editor.default">
				<div class="elementor-widget-container">
									<p class="section-heading-title"><span style="font-size: 16px;">La empresa TERRAL concede una gran importancia a la protección y al respeto de la vida privada de sus clientes. Esta política de privacidad describe cómo TERRAL, como parte de sus relaciones comerciales, recopila, utiliza y comparte la información recopilada sobre usted («datos personales») cuando utiliza el sitio web de TERRAL.</span></p>
<div class="section-heading-content text-large wysiwyg">
<p>Estos datos personales son: cualquier información que nos permita identificarlo como individuo.</p>
<p>Le invitamos a leer este documento para conocer y comprender nuestras prácticas con respecto al tratamiento de sus datos personales.</p>
<p><strong><u>Responsable del tratamiento:</u></strong></p>
<p>Sus datos son recogidos por: TERRAL SA</p>
<p>6 PAE DES 3 FONTAINES</p>
<p>34230 LE POUGET &#8211; FRANCE</p>
<p>Tlf : 33 (0)4 67 96 70 11</p>
<p>Fax : 33 (0)4 67 88 75 34</p>
<p>Correo electrónico: accueil@terral.fr</p>
<p>Capital social: 60 000€</p>
<p>RCS: 399 979 806 000 29</p>
<p>N.° IVA intracomunitario/ CIF: FR57 399 979 806 </p>
<p>Hosting:</p>
<p>OVH – 2 rue Kellermann – 59100 Roubaix – France</p>
<p>http://www.ovh.com</p>
<p>Tlf 33 (0) 9 72 10 10 07</p>
</p>
<p><strong><u>¿Cuáles son estos datos personales?</u></strong></p>
<p>Recopilamos los siguientes datos cuando se registra o se pone en contacto con nosotros:</p>
<p>Nombre, apellidos y tratamiento</p>
<p>Nombre empresa</p>
<p>Fecha y lugar de nacimiento</p>
<p>Código IVA intracomunitario/ CIF</p>
<p>Dirección postal personal y profesional</p>
<p>Dirección de correo electrónico</p>
<p>Número de teléfono</p>
<p>Profesión</p>
<p>Recopilamos los siguientes datos cuando utiliza nuestra web:</p>
<p>Información relativa a los dispositivos utilizados (dirección IP, registros, identificadores, etc.)</p>
<p>Cookies e información relativa a su conducta de navegación en línea (cookies, datos de navegación, medición de la audiencia, ubicación geográfica, intereses, preferencias, zona horaria, etc.).</p>
<p><strong><u>¿Por qué recopilamos estos datos personales?</u></strong></p>
<p>En general, puede visitar este sitio sin proporcionar ninguna información personal sobre usted. Sin embargo, en caso de no aceptar, es posible que no pueda beneficiarse de cierta información o servicios que haya solicitado.</p>
<p>Diferentes bases legales nos permiten utilizar sus datos, y los recopilaremos y utilizaremos en las siguientes situaciones:</p>
<p>Cuando el uso de sus datos personales sea necesario para la ejecución de un contrato o de un conjunto contractual del que usted sea parte o en el caso de trámites previos a un contrato.</p>
<p>Cuando el uso de sus datos personales sea de nuestro interés legítimo.</p>
<p>Para comprender y mejorar nuestros productos.</p>
<p>Gestionar y mejorar nuestras relaciones con usted.</p>
<p>Asegurar que nuestros productos se utilizan de acuerdo con la ley.</p>
<p>Para proteger o defender nuestros derechos y propiedades, o los de un tercero.</p>
<p>Para detectar y prevenir la delincuencia y el fraude.</p>
<p>Cuando tengamos que cumplir con una obligación legal o reglamentaria que nos concierna.</p>
<p>Cuando tengamos su consentimiento.</p>
<p><strong><u>¿A quién podemos transferir estos datos personales?</u></strong></p>
<p>Podemos compartir sus datos personales con nuestras filiales, distribuidores y socios de red.</p>
<p>En general, almacenamos sus datos personales dentro de la Unión Europea. Sin embargo, algunos de nuestros proveedores de servicios están ubicados en países fuera de la UE, por lo que sus datos pueden transferirse a terceros países. TERRAL SA se ha asegurado previamente del cumplimiento de estrictas condiciones en materia de confidencialidad, uso y protección de datos hacia un tercer país.</p>
<p><strong><u>¿Cuánto tiempo conservamos sus datos personales?</u></strong></p>
<p>Los datos se conservan y utilizan durante un periodo de tiempo conforme a la legislación.</p>
<p><strong><u>¿Cuáles son sus derechos sobre estos datos personales?</u></strong></p>
<p>Tiene los siguientes derechos:</p>
<p>Acceder a los datos personales que tenemos.</p>
<p>Corregir cualquier dato personal erróneo.</p>
<p>Borrar sus datos personales.</p>
<p>Limitar el tratamiento de sus datos.</p>
<p>Portabilidad de los datos personales.</p>
<p>Nuestros procedimientos de seguridad implican que podemos solicitar una prueba de su identidad antes de responder a sus derechos.</p>
<p>Para hacer valer sus derechos, puede escribir al delegado de protección de datos a la siguiente dirección: TERRAL SA 6 Pae Domaine des 3 Fontaines 34230 Le Pouget o por correo electrónico: accueil@terral.fr.</p>
<p>TERRAL SA se compromete a responder a su solicitud de acceso, corrección, supresión, limitación o cualquier otra solicitud complementaria de información en un plazo razonable que no podrá exceder de 1 mes a partir de la recepción de su solicitud.</p>
<p>Si considera que TERRAL SA no cumple con sus obligaciones con respecto a sus datos personales, puede enviar una solicitud a la autoridad competente. En Francia, la autoridad competente es la CNIL, puede enviarle una solicitud por vía electrónica en el siguiente enlace: <a title="Abrir en una ventana nueva" href="https://www.cnil.fr/fr/plaintes/internet" target="_blank" rel="noopener nofollow">https://www.cnil.fr/fr/plaintes/internet</a>.</p>
<p><strong><u>Actualización de esta Política de Privacidad</u></strong></p>
<p>Nos reservamos el derecho de actualizar esta política de privacidad periódicamente. La fecha de la última versión se muestra en la parte superior de esta política. Estas modificaciones le comprometen desde el momento de su puesta en línea. Por lo tanto, se recomienda que el Usuario consulte regularmente la presente política de confidencialidad y el uso de cookies con el objetivo de conocer las posibles modificaciones.</p>
</div>
								</div>
				</div>
					</div>
		</div>
					</div>
		</section>
				<section class="elementor-section elementor-inner-section elementor-element elementor-element-57afa1c elementor-section-full_width elementor-section-height-default elementor-section-height-default" data-id="57afa1c" data-element_type="section" data-e-type="section">
						<div class="elementor-container elementor-column-gap-no">
					<div class="elementor-column elementor-col-100 elementor-inner-column elementor-element elementor-element-71312fe" data-id="71312fe" data-element_type="column" data-e-type="column">
			<div class="elementor-widget-wrap elementor-element-populated">
							</div>
		</div>
					</div>
		</section>
				<section class="elementor-section elementor-inner-section elementor-element elementor-element-c22c0c8 elementor-section-full_width elementor-section-height-default elementor-section-height-default" data-id="c22c0c8" data-element_type="section" data-e-type="section">
						<div class="elementor-container elementor-column-gap-no">
					<div class="elementor-column elementor-col-100 elementor-inner-column elementor-element elementor-element-cd57374" data-id="cd57374" data-element_type="column" data-e-type="column">
			<div class="elementor-widget-wrap elementor-element-populated">
							</div>
		</div>
					</div>
		</section>
				<section class="elementor-section elementor-inner-section elementor-element elementor-element-b334f0b elementor-section-full_width elementor-section-height-default elementor-section-height-default" data-id="b334f0b" data-element_type="section" data-e-type="section">
						<div class="elementor-container elementor-column-gap-no">
					<div class="elementor-column elementor-col-100 elementor-inner-column elementor-element elementor-element-3eed8fe" data-id="3eed8fe" data-element_type="column" data-e-type="column">
			<div class="elementor-widget-wrap elementor-element-populated">
							</div>
		</div>
					</div>
		</section>
				<section class="elementor-section elementor-inner-section elementor-element elementor-element-874e3dc elementor-section-full_width elementor-section-height-default elementor-section-height-default" data-id="874e3dc" data-element_type="section" data-e-type="section">
						<div class="elementor-container elementor-column-gap-no">
					<div class="elementor-column elementor-col-100 elementor-inner-column elementor-element elementor-element-9ec985b" data-id="9ec985b" data-element_type="column" data-e-type="column">
			<div class="elementor-widget-wrap elementor-element-populated">
							</div>
		</div>
					</div>
		</section>
					</div>
		</div>
					</div>
		</section>
				</div>

<p>GDPR POLÍTICA DE PRIVACIDAD DE LOS DATOS La empresa TERRAL concede una gran importancia a la protección y al respeto de la vida privada de sus clientes. Esta política de privacidad describe cómo TERRAL, como parte de sus relaciones comerciales, recopila, utiliza y comparte la información recopilada sobre usted («datos personales») cuando utiliza el sitio [&hellip;]</p>
